 3, what is 200122 + -10?
200112
In base 9, what is 1644 - -5?
1650
In base 11, what is 375 + -12?
363
In base 14, what is 1 + 138?
139
In base 14, what is 5 + -2a?
-25
In base 7, what is 1 + -144?
-143
In base 8, what is 617 + 37?
656
In base 13, what is 2 - -4b?
50
In base 15, what is 1c3 - -9?
1cc
In base 5, what is -423 - 31?
-1004
In base 8, what is 3 - -114?
117
In base 2, what is -100 - -101111?
101011
In base 16, what is 1 + 9a2?
9a3
In base 14, what is 286 - -9?
291
In base 7, what is -4 + -13550?
-13554
In base 16, what is 7a3d + 4?
7a41
In base 16, what is 5 - -1b4?
1b9
In base 7, what is 5 + -350?
-342
In base 6, what is -111 + 0?
-111
In base 13, what is -a7 + -3?
-aa
In base 15, what is b - -21?
2c
In base 2, what is -1100 + -11110?
-101010
In base 13, what is 5 - 2c?
-27
In base 2, what is 10100101 + -10?
10100011
In base 3, what is 2 - 220002?
-220000
In base 5, what is 10 + -403?
-343
In base 3, what is -12 + -1100?
-1112
In base 15, what is 9e + -46?
58
In base 16, what is aa86 - 2?
aa84
In base 13, what is -2 + 28?
26
In base 4, what is 21 + 121?
202
In base 15, what is -4 + 7c1?
7bc
In base 3, what is -112211 + 0?
-112211
In base 5, what is 14 + 1333?
1402
In base 12, what is 5 - -b?
14
In base 2, what is -100 + 1011011010?
1011010110
In base 13, what is -314 + -1?
-315
In base 16, what is -18 + 4?
-14
In base 16, what is -8 - 4ff?
-507
In base 4, what is -310023 + -3?
-310032
In base 11, what is -115 - 3?
-118
In base 9, what is 2087 + -8?
2078
In base 5, what is -3 + -12312?
-12320
In base 14, what is 52 - 0?
52
In base 7, what is 235 - 3?
232
In base 14, what is 3 + 4a?
4d
In base 5, what is 20043 - -1?
20044
In base 16, what is -17 + -1fb?
-212
In base 8, what is 14 - 152?
-136
In base 15, what is -3 + 1c?
19
In base 9, what is -657 + -2?
-660
In base 3, what is -12 - 220?
-1002
In base 6, what is -1334 + -2?
-1340
In base 13, what is -2 - -140?
13b
In base 15, what is -14 + -22e?
-243
In base 12, what is 27a - 2?
278
In base 8, what is -514 + -10?
-524
In base 14, what is -3 - -26?
23
In base 14, what is -2 - 183?
-185
In base 10, what is 3 - -89?
92
In base 2, what is -10011 + -1111011?
-10001110
In base 2, what is -100010100 - -10?
-100010010
In base 8, what is -20653 + 2?
-20651
In base 4, what is 110 - -1121?
1231
In base 13, what is -20 + -339?
-359
In base 3, what is 1212 + 110?
2022
In base 11, what is 4 + 93?
97
In base 9, what is -5 + 5402?
5386
In base 5, what is 324 + -2?
322
In base 4, what is 1222321 + 0?
1222321
In base 2, what is 100 - 111100111?
-111100011
In base 10, what is -91 + 6?
-85
In base 9, what is 5 - 141?
-135
In base 13, what is 3 + -b0?
-aa
In base 13, what is 44 - -16?
5a
In base 6, what is 2 - 420?
-414
In base 12, what is -4 + -ab?
-b3
In base 9, what is 2 - 85?
-83
In base 8, what is 10 - 60?
-50
In base 13, what is -8 - -852?
847
In base 3, what is 1020 - -20?
1110
In base 7, what is 1 + 5215?
5216
In base 4, what is 2303 - -1?
2310
In base 13, what is -14 + 55?
41
In base 7, what is 3 - -535?
541
In base 15, what is 7 + -3b8?
-3b1
In base 10, what is 86 - 4?
82
In base 11, what is 2 - 324?
-322
In base 2, what is 110100100 + 10?
110100110
In base 8, what is -11071 + -3?
-11074
In base 16, what is 2e + -6?
28
In base 15, what is -3 - 27d?
-281
In base 11, what is 33 + -43?
-10
In base 8, what is 0 - -50?
50
In base 4, what is -11 - 32303?
-32320
In base 2, what is -10 - -100100110?
100100100
In base 15, what is -95 + 3a?
-5a
In base 7, what is -1 + 4335?
4334
In base 4, what is 10103 - 331?
3112
In base 8, what is -1 - 24?
-25
In base 13, what is 34 - 5?
2c
In base 15, what is d75d - 1?
d75c
In base 7, what is -101 - -153?
52
In base 12, what is -29 + -30?
-59
In base 8, what is -631 - 2?
-633
In base 6, what is -5 + -300?
-305
In base 3, what is -201 - -1?
-200
In base 6, what is -1220 + 1?
-1215
In base 12, what is 34 - -1?
35
In base 5, what is -10 - 1134?
-1144
In base 4, what is 322 - -121?
1103
In base 12, what is -1 - 13?
-14
In base 12, what is -6 - 5?
-b
In base 10, what is 3 + -3290?
-3287
In base 7, what is -2 - -142?
140
In base 7, what is -124 - -56?
-35
In base 7, what is -50 - -101?
21
In base 10, what is 18 + 44?
62
In base 9, what is 1 - 122?
-121
In base 4, what is -2131 - 2?
-2133
In base 15, what is -772 + 3?
-76e
In base 2, what is 1010 + -11011001?
-11001111
In base 13, what is 5 + -981?
-979
In base 6, what is 1043 + -2?
1041
In base 5, what is 110 - 4223?
-4113
In base 4, what is -3 - 102310?
-102313
In base 13, what is -1b - 5?
-23
In base 14, what is -1a29 - 3?
-1a2c
In base 4, what is 110313 + -10?
110303
In base 4, what is 20 + -210?
-130
In base 15, what is -b98 - -3?
-b95
In base 6, what is -4 - -1345?
1341
In base 16, what is 2732 + -2?
2730
In base 13, what is -39a + -5?
-3a2
In base 3, what is 10 + 1111220?
1112000
In base 9, what is 108 + -6?
102
In base 10, what is -7 + -46?
-53
In base 13, what is -22 - 1?
-23
In base 5, what is -111 - -220?
104
In base 5, what is 121 + 1?
122
In base 9, what is 11 - 23?
-12
In base 10, what is 14926 - -3?
14929
In base 7, what is -15 - 43?
-61
In base 16, what is a - c?
-2
In base 13, what is 3 - -7?
a
In base 14, what is -a + -11?
-1b
In base 6, what is 2353 - 2?
2351
In base 13, what is c97 + -5?
c92
In base 16, what is 45 + -16?
2f
In base 12, what is 1372 - -3?
1375
In base 4, what is -1301330 - 2?
-1301332
In base 8, what is 74 - -12?
106
In base 12, what is 158 - 14?
144
In base 12, what is -425 + 5?
-420
In base 8, what is 2457 - -3?
2462
In base 3, what is -12022 + -20?
-12112
In base 12, what is -5 - -45?
40
In base 10, what is 2344 + -1?
2343
In base 13, what is -2 - -70?
6b
In base 4, what is -2133 + 1?
-2132
In base 3, what is -222120 - 11?
-222201
In base 2, what is 1010000101111010 - 101?
1010000101110101
In base 5, what is 1 + -412?
-411
In base 8, what is 2 - 115?
-113
In base 13, what is 0 - -40c?
40c
In base 13, what is 13 + 3?
16
In base 16, what is -2 + -1d?
-1f
In base 16, what is -3ae - 1?
-3af
In base 13, what is 1a - 3?
17
In base 4, what is 12 + -1030?
-1012
In base 11, what is -70 - 50?
-110
In base 12, what is -38b - 3?
-392
In base 16, what is -76 + 2b?
-4b
In base 3, what is 12 - -1100022?
1100111
In base 14, what is d26 + 8?
d30
In base 10, what is -20884 - -4?
-20880
In base 5, what is -1 - 402?
-403
In base 15, what is 11 - 40?
-2e
In base 13, what is -6 + -2a?
-33
In base 6, what is -1223 + 10?
-1213
In base 16, what is 57 + -1?
56
In base 16, what is -18 + b?
-d
In base 4, what is 1 - -1110?
1111
In base 16, what is -1 - 26f?
-270
In base 3, what is 100201001 - 10?
100200221
In base 4, what is -1222 - -21?
-1201
In base 10, what is -3 + -219?
-222
In base 3, what is -2211 - -2011?
-200
In base 16, what is -46 + -7?
-4d
In base 4, what is -13 + -1330?
-2003
In base 14, what is -119 - -2?
-117
In base 6, what is 4 + 134?
142
In base 12, what is -1a - -10?
-a
In base 4, what is 2 - 133?
-131
In base 5, what is 12111 + -3?
12103
In base 7, what is 4321 - -4?
4325
In base 16, what is 2f - a?
25
In base 10, what is -5 + 1?
-4
In base 8, what is -3 + 576?
573
In base 7, what is -350 - -11?
-336
In base 9, what is -15 + 1216?
1201
In base 16, what is 7 + -1a3?
-19c
In base 14, what is 899 + 4?
89d
In base 14, what is bb + 5?
c2
In base 11, what is -2 + 26?
24
In base 11, what is -3 - 71?
-74
In base 12, what is 2 + 94?
96
In base 9, what is -60 + -3?
-63
In base 8, what is 1125 - 3?
1122
In base 11, what is -13 + 120?
108
In base 13, what is 7 + 5?
c
In base 5, what is -4 + 22211?
22202
In base 12, what is -41 + 16?
-27
In base 7, what is -146 - -110?
-36
In base 13, what is 7b1 - -4?
7b5
In base 9, what is 6537 + -1?
6536
In base 4, what is -232 + 11210?
10312
In base 5, what is 3 + -1322?
-1314
In base 9, what is -40545 - -3?
-40542
In base 4, what is -121 - -12?
-103
In base 2, what is -100 + 1001010?
1000110
In base 11, what is -17a2 + -6?
-17a8
In base 13, what is 72c - c?
720
In base 4, what is 31 - 113?
-22
In base 15, what is -46 + 3?
-43
In base 8, what is 1242 - -3?
1245
In base 11, what is -1 + 649?
648
In base 2, what is 1010111 + 0?
1010111
In base 9, what is -335 - 24?
-360
In base 8, what is -2 - 203?
-205
In base 4, what is -100 - 13?
-113
In base 16, what is -17a - 0?
